{"id":1292,"date":"2017-06-07T09:09:02","date_gmt":"2017-06-07T12:09:02","guid":{"rendered":"http:\/\/arteecirco.com\/?page_id=1292"},"modified":"2017-06-07T09:38:43","modified_gmt":"2017-06-07T12:38:43","slug":"videos","status":"publish","type":"page","link":"https:\/\/arteecirco.com\/index.php\/videos\/","title":{"rendered":"V\u00eddeos"},"content":{"rendered":"<p>[vc_row][vc_column]<section class=\"krown-latest-portfolio clearfix classic col-4\"><div class=\"portfolio-items clearfix\"><div class=\"portfolio-item classic teatro-de-palhacos videos\">\r\n\r\n            <a href=\"https:\/\/arteecirco.com\/index.php\/portfolio\/teatro-2-palhacos\/\">\r\n                <img src=\"https:\/\/arteecirco.com\/wp-content\/uploads\/2018\/11\/teatro-2-palhacos.jpg\" width=\"255\" height=\"193\" alt=\"Teatro 2 Palha\u00e7os\" \/><span class=\"hover\">+<\/span><\/a><div class=\"caption\">\r\n                    <a href=\"https:\/\/arteecirco.com\/index.php\/portfolio\/teatro-2-palhacos\/\">\r\n                        <h3>Teatro 2 Palha\u00e7os<\/h3>\r\n                    <\/a>\r\n                    <span class=\"category\">Teatro de Palha\u00e7os, V\u00eddeos<\/span>\r\n                <\/div>\r\n\r\n                <div class=\"folio like\">\r\n                    <a class=\"post-like\" data-id=\"1495\"><span>1<\/span>\r\n                        <i class=\"krown-icon-heart-1\"><\/i>\r\n                    <\/a>\r\n                <\/div><\/div><div class=\"portfolio-item classic videos\">\r\n\r\n            <a href=\"https:\/\/arteecirco.com\/index.php\/portfolio\/show-do-mimico\/\">\r\n                <img src=\"https:\/\/arteecirco.com\/wp-content\/uploads\/2017\/06\/show-do-mimico.jpg\" width=\"255\" height=\"193\" alt=\"Show do M\u00edmico\" \/><span class=\"hover\">+<\/span><\/a><div class=\"caption\">\r\n                    <a href=\"https:\/\/arteecirco.com\/index.php\/portfolio\/show-do-mimico\/\">\r\n                        <h3>Show do M\u00edmico<\/h3>\r\n                    <\/a>\r\n                    <span class=\"category\">V\u00eddeos<\/span>\r\n                <\/div>\r\n\r\n                <div class=\"folio like\">\r\n                    <a class=\"post-like\" data-id=\"1300\"><span>5<\/span>\r\n                        <i class=\"krown-icon-heart-1\"><\/i>\r\n                    <\/a>\r\n                <\/div><\/div><div class=\"portfolio-item classic videos\">\r\n\r\n            <a href=\"https:\/\/arteecirco.com\/index.php\/portfolio\/o-golpe-da-espada-ninja\/\">\r\n                <img src=\"https:\/\/arteecirco.com\/wp-content\/uploads\/2017\/06\/o-golpe-da-espada-ninja.jpg\" width=\"255\" height=\"193\" alt=\"O Golpe da Espada Ninja\" \/><span class=\"hover\">+<\/span><\/a><div class=\"caption\">\r\n                    <a href=\"https:\/\/arteecirco.com\/index.php\/portfolio\/o-golpe-da-espada-ninja\/\">\r\n                        <h3>O Golpe da Espada Ninja<\/h3>\r\n                    <\/a>\r\n                    <span class=\"category\">V\u00eddeos<\/span>\r\n                <\/div>\r\n\r\n                <div class=\"folio like\">\r\n                    <a class=\"post-like\" data-id=\"1298\"><span>4<\/span>\r\n                        <i class=\"krown-icon-heart-1\"><\/i>\r\n                    <\/a>\r\n                <\/div><\/div><div class=\"portfolio-item classic videos\">\r\n\r\n            <a href=\"https:\/\/arteecirco.com\/index.php\/portfolio\/show-de-magica-com-muito-humor\/\">\r\n                <img src=\"https:\/\/arteecirco.com\/wp-content\/uploads\/2017\/06\/show-de-magica-com-muito-humor.jpg\" width=\"255\" height=\"193\" alt=\"Show de M\u00e1gica com Muito Humor\" \/><span class=\"hover\">+<\/span><\/a><div class=\"caption\">\r\n                    <a href=\"https:\/\/arteecirco.com\/index.php\/portfolio\/show-de-magica-com-muito-humor\/\">\r\n                        <h3>Show de M\u00e1gica com Muito Humor<\/h3>\r\n                    <\/a>\r\n                    <span class=\"category\">V\u00eddeos<\/span>\r\n                <\/div>\r\n\r\n                <div class=\"folio like\">\r\n                    <a class=\"post-like\" data-id=\"1296\"><span>2<\/span>\r\n                        <i class=\"krown-icon-heart-1\"><\/i>\r\n                    <\/a>\r\n                <\/div><\/div><div class=\"portfolio-item classic videos\">\r\n\r\n            <a href=\"https:\/\/arteecirco.com\/index.php\/portfolio\/arte-circo-na-balada\/\">\r\n                <img src=\"https:\/\/arteecirco.com\/wp-content\/uploads\/2017\/06\/arte-circo-na-balada.jpg\" width=\"255\" height=\"193\" alt=\"Arte &#038; Circo na Balada\" \/><span class=\"hover\">+<\/span><\/a><div class=\"caption\">\r\n                    <a href=\"https:\/\/arteecirco.com\/index.php\/portfolio\/arte-circo-na-balada\/\">\r\n                        <h3>Arte &#038; Circo na Balada<\/h3>\r\n                    <\/a>\r\n                    <span class=\"category\">V\u00eddeos<\/span>\r\n                <\/div>\r\n\r\n                <div class=\"folio like\">\r\n                    <a class=\"post-like\" data-id=\"1319\"><span>0<\/span>\r\n                        <i class=\"krown-icon-heart-1\"><\/i>\r\n                    <\/a>\r\n                <\/div><\/div><div class=\"portfolio-item classic videos\">\r\n\r\n            <a href=\"https:\/\/arteecirco.com\/index.php\/portfolio\/arte-e-circo-floripa-na-festa-do-otavio\/\">\r\n                <img src=\"https:\/\/arteecirco.com\/wp-content\/uploads\/2017\/06\/arte-e-circo-floripa-na-festa-do.jpg\" width=\"255\" height=\"193\" alt=\"Arte e Circo Floripa na Festa do Ot\u00e1vio\" \/><span class=\"hover\">+<\/span><\/a><div class=\"caption\">\r\n                    <a href=\"https:\/\/arteecirco.com\/index.php\/portfolio\/arte-e-circo-floripa-na-festa-do-otavio\/\">\r\n                        <h3>Arte e Circo Floripa na Festa do Ot\u00e1vio<\/h3>\r\n                    <\/a>\r\n                    <span class=\"category\">V\u00eddeos<\/span>\r\n                <\/div>\r\n\r\n                <div class=\"folio like\">\r\n                    <a class=\"post-like\" data-id=\"1294\"><span>0<\/span>\r\n                        <i class=\"krown-icon-heart-1\"><\/i>\r\n                    <\/a>\r\n                <\/div><\/div><div class=\"portfolio-item classic videos\">\r\n\r\n            <a href=\"https:\/\/arteecirco.com\/index.php\/portfolio\/atrapalhacos-show-2\/\">\r\n                <img src=\"https:\/\/arteecirco.com\/wp-content\/uploads\/2017\/06\/atrapalhacos-show.jpg\" width=\"255\" height=\"193\" alt=\"Atrapalha\u00e7os Show\" \/><span class=\"hover\">+<\/span><\/a><div class=\"caption\">\r\n                    <a href=\"https:\/\/arteecirco.com\/index.php\/portfolio\/atrapalhacos-show-2\/\">\r\n                        <h3>Atrapalha\u00e7os Show<\/h3>\r\n                    <\/a>\r\n                    <span class=\"category\">V\u00eddeos<\/span>\r\n                <\/div>\r\n\r\n                <div class=\"folio like\">\r\n                    <a class=\"post-like\" data-id=\"1310\"><span>0<\/span>\r\n                        <i class=\"krown-icon-heart-1\"><\/i>\r\n                    <\/a>\r\n                <\/div><\/div><div class=\"portfolio-item classic videos\">\r\n\r\n            <a href=\"https:\/\/arteecirco.com\/index.php\/portfolio\/magico-close-up-2\/\">\r\n                <img src=\"https:\/\/arteecirco.com\/wp-content\/uploads\/2017\/06\/magico-close-up.jpg\" width=\"255\" height=\"193\" alt=\"M\u00e1gico Close Up\" \/><span class=\"hover\">+<\/span><\/a><div class=\"caption\">\r\n                    <a href=\"https:\/\/arteecirco.com\/index.php\/portfolio\/magico-close-up-2\/\">\r\n                        <h3>M\u00e1gico Close Up<\/h3>\r\n                    <\/a>\r\n                    <span class=\"category\">V\u00eddeos<\/span>\r\n                <\/div>\r\n\r\n                <div class=\"folio like\">\r\n                    <a class=\"post-like\" data-id=\"1313\"><span>0<\/span>\r\n                        <i class=\"krown-icon-heart-1\"><\/i>\r\n                    <\/a>\r\n                <\/div><\/div><\/div><\/section>[\/vc_column][\/vc_row]<\/p>\n","protected":false},"excerpt":{"rendered":"<p>[vc_row][vc_column][\/vc_column][\/vc_row]<\/p>\n","protected":false},"author":1,"featured_media":0,"parent":0,"menu_order":0,"comment_status":"closed","ping_status":"closed","template":"","meta":[],"yoast_head":"<!-- This site is optimized with the Yoast SEO plugin v20.13 - https:\/\/yoast.com\/wordpress\/plugins\/seo\/ -->\n<title>V\u00eddeos - Arte &amp; Circo<\/title>\n<meta name=\"robots\" content=\"index, follow, max-snippet:-1, max-image-preview:large, max-video-preview:-1\" \/>\n<link rel=\"canonical\" href=\"https:\/\/arteecirco.com\/index.php\/videos\/\" \/>\n<meta property=\"og:locale\" content=\"pt_BR\" \/>\n<meta property=\"og:type\" content=\"article\" \/>\n<meta property=\"og:title\" content=\"V\u00eddeos - Arte &amp; Circo\" \/>\n<meta property=\"og:description\" content=\"[vc_row][vc_column][\/vc_column][\/vc_row]\" \/>\n<meta property=\"og:url\" content=\"https:\/\/arteecirco.com\/index.php\/videos\/\" \/>\n<meta property=\"og:site_name\" content=\"Arte &amp; Circo\" \/>\n<meta property=\"article:publisher\" content=\"https:\/\/www.facebook.com\/arteecircofloripa\" \/>\n<meta property=\"article:modified_time\" content=\"2017-06-07T12:38:43+00:00\" \/>\n<meta name=\"twitter:card\" content=\"summary_large_image\" \/>\n<script type=\"application\/ld+json\" class=\"yoast-schema-graph\">{\"@context\":\"https:\/\/schema.org\",\"@graph\":[{\"@type\":\"WebPage\",\"@id\":\"https:\/\/arteecirco.com\/index.php\/videos\/\",\"url\":\"https:\/\/arteecirco.com\/index.php\/videos\/\",\"name\":\"V\u00eddeos - Arte &amp; Circo\",\"isPartOf\":{\"@id\":\"https:\/\/arteecirco.com\/#website\"},\"datePublished\":\"2017-06-07T12:09:02+00:00\",\"dateModified\":\"2017-06-07T12:38:43+00:00\",\"breadcrumb\":{\"@id\":\"https:\/\/arteecirco.com\/index.php\/videos\/#breadcrumb\"},\"inLanguage\":\"pt-BR\",\"potentialAction\":[{\"@type\":\"ReadAction\",\"target\":[\"https:\/\/arteecirco.com\/index.php\/videos\/\"]}]},{\"@type\":\"BreadcrumbList\",\"@id\":\"https:\/\/arteecirco.com\/index.php\/videos\/#breadcrumb\",\"itemListElement\":[{\"@type\":\"ListItem\",\"position\":1,\"name\":\"In\u00edcio\",\"item\":\"https:\/\/arteecirco.com\/\"},{\"@type\":\"ListItem\",\"position\":2,\"name\":\"V\u00eddeos\"}]},{\"@type\":\"WebSite\",\"@id\":\"https:\/\/arteecirco.com\/#website\",\"url\":\"https:\/\/arteecirco.com\/\",\"name\":\"Arte & Circo\",\"description\":\"Show de m\u00e1gica, m\u00e1gico close up (interativo), teatro de palha\u00e7os, recrea\u00e7\u00e3o infantil, brincadeiras, malabares, perna de pau e muito mais.\",\"publisher\":{\"@id\":\"https:\/\/arteecirco.com\/#organization\"},\"potentialAction\":[{\"@type\":\"SearchAction\",\"target\":{\"@type\":\"EntryPoint\",\"urlTemplate\":\"https:\/\/arteecirco.com\/?s={search_term_string}\"},\"query-input\":\"required name=search_term_string\"}],\"inLanguage\":\"pt-BR\"},{\"@type\":\"Organization\",\"@id\":\"https:\/\/arteecirco.com\/#organization\",\"name\":\"Arte & Circo\",\"url\":\"https:\/\/arteecirco.com\/\",\"logo\":{\"@type\":\"ImageObject\",\"inLanguage\":\"pt-BR\",\"@id\":\"https:\/\/arteecirco.com\/#\/schema\/logo\/image\/\",\"url\":\"https:\/\/arteecirco.com\/wp-content\/uploads\/2016\/09\/logo-site-arte-e-circo-1.png\",\"contentUrl\":\"https:\/\/arteecirco.com\/wp-content\/uploads\/2016\/09\/logo-site-arte-e-circo-1.png\",\"width\":300,\"height\":72,\"caption\":\"Arte & Circo\"},\"image\":{\"@id\":\"https:\/\/arteecirco.com\/#\/schema\/logo\/image\/\"},\"sameAs\":[\"https:\/\/www.facebook.com\/arteecircofloripa\",\"https:\/\/www.instagram.com\/arteecirco_com\/\"]}]}<\/script>\n<!-- \/ Yoast SEO plugin. -->","yoast_head_json":{"title":"V\u00eddeos - Arte &amp; Circo","robots":{"index":"index","follow":"follow","max-snippet":"max-snippet:-1","max-image-preview":"max-image-preview:large","max-video-preview":"max-video-preview:-1"},"canonical":"https:\/\/arteecirco.com\/index.php\/videos\/","og_locale":"pt_BR","og_type":"article","og_title":"V\u00eddeos - Arte &amp; Circo","og_description":"[vc_row][vc_column][\/vc_column][\/vc_row]","og_url":"https:\/\/arteecirco.com\/index.php\/videos\/","og_site_name":"Arte &amp; Circo","article_publisher":"https:\/\/www.facebook.com\/arteecircofloripa","article_modified_time":"2017-06-07T12:38:43+00:00","twitter_card":"summary_large_image","schema":{"@context":"https:\/\/schema.org","@graph":[{"@type":"WebPage","@id":"https:\/\/arteecirco.com\/index.php\/videos\/","url":"https:\/\/arteecirco.com\/index.php\/videos\/","name":"V\u00eddeos - Arte &amp; Circo","isPartOf":{"@id":"https:\/\/arteecirco.com\/#website"},"datePublished":"2017-06-07T12:09:02+00:00","dateModified":"2017-06-07T12:38:43+00:00","breadcrumb":{"@id":"https:\/\/arteecirco.com\/index.php\/videos\/#breadcrumb"},"inLanguage":"pt-BR","potentialAction":[{"@type":"ReadAction","target":["https:\/\/arteecirco.com\/index.php\/videos\/"]}]},{"@type":"BreadcrumbList","@id":"https:\/\/arteecirco.com\/index.php\/videos\/#breadcrumb","itemListElement":[{"@type":"ListItem","position":1,"name":"In\u00edcio","item":"https:\/\/arteecirco.com\/"},{"@type":"ListItem","position":2,"name":"V\u00eddeos"}]},{"@type":"WebSite","@id":"https:\/\/arteecirco.com\/#website","url":"https:\/\/arteecirco.com\/","name":"Arte & Circo","description":"Show de m\u00e1gica, m\u00e1gico close up (interativo), teatro de palha\u00e7os, recrea\u00e7\u00e3o infantil, brincadeiras, malabares, perna de pau e muito mais.","publisher":{"@id":"https:\/\/arteecirco.com\/#organization"},"potentialAction":[{"@type":"SearchAction","target":{"@type":"EntryPoint","urlTemplate":"https:\/\/arteecirco.com\/?s={search_term_string}"},"query-input":"required name=search_term_string"}],"inLanguage":"pt-BR"},{"@type":"Organization","@id":"https:\/\/arteecirco.com\/#organization","name":"Arte & Circo","url":"https:\/\/arteecirco.com\/","logo":{"@type":"ImageObject","inLanguage":"pt-BR","@id":"https:\/\/arteecirco.com\/#\/schema\/logo\/image\/","url":"https:\/\/arteecirco.com\/wp-content\/uploads\/2016\/09\/logo-site-arte-e-circo-1.png","contentUrl":"https:\/\/arteecirco.com\/wp-content\/uploads\/2016\/09\/logo-site-arte-e-circo-1.png","width":300,"height":72,"caption":"Arte & Circo"},"image":{"@id":"https:\/\/arteecirco.com\/#\/schema\/logo\/image\/"},"sameAs":["https:\/\/www.facebook.com\/arteecircofloripa","https:\/\/www.instagram.com\/arteecirco_com\/"]}]}},"_links":{"self":[{"href":"https:\/\/arteecirco.com\/index.php\/wp-json\/wp\/v2\/pages\/1292"}],"collection":[{"href":"https:\/\/arteecirco.com\/index.php\/wp-json\/wp\/v2\/pages"}],"about":[{"href":"https:\/\/arteecirco.com\/index.php\/wp-json\/wp\/v2\/types\/page"}],"author":[{"embeddable":true,"href":"https:\/\/arteecirco.com\/index.php\/wp-json\/wp\/v2\/users\/1"}],"replies":[{"embeddable":true,"href":"https:\/\/arteecirco.com\/index.php\/wp-json\/wp\/v2\/comments?post=1292"}],"version-history":[{"count":2,"href":"https:\/\/arteecirco.com\/index.php\/wp-json\/wp\/v2\/pages\/1292\/revisions"}],"predecessor-version":[{"id":1309,"href":"https:\/\/arteecirco.com\/index.php\/wp-json\/wp\/v2\/pages\/1292\/revisions\/1309"}],"wp:attachment":[{"href":"https:\/\/arteecirco.com\/index.php\/wp-json\/wp\/v2\/media?parent=1292"}],"curies":[{"name":"wp","href":"https:\/\/api.w.org\/{rel}","templated":true}]}}